114.119.148.120 - - [25/Nov/2022:16:33:16 -0800] "GET /?C=M%3BO%3DA HTTP/1.1" 200 322 "http://www.darwinsgamecloset.com?C=S%3BO%3DA" "Mozilla/5.0 (Linux; Android 7.0;) AppleWebKit/537.36 (KHTML, like Gecko) Mobile Safari/537.36 (compatible; PetalBot;+https://webmaster.petalsearch.com/site/petalbot)" "www.darwinsgamecloset.com"
140.177.227.38 - - [25/Nov/2022:17:05:13 -0800] "GET / HTTP/1.1" 200 322 "-" "Mozilla/5.0 (iPhone; CPU iPhone OS 15_6_1 like Mac OS X) AppleWebKit/605.1.15 (KHTML, like Gecko) Version/15.6.1 Mobile/15E148 Safari/604.1" "www.darwinsgamecloset.com"
51.222.253.4 - - [25/Nov/2022:17:05:40 -0800] "GET / HTTP/1.1" 200 322 "-" "Mozilla/5.0 (compatible; AhrefsBot/7.0; +http://ahrefs.com/robot/)" "www.darwinsgamecloset.com"
207.46.13.140 - - [25/Nov/2022:17:21:23 -0800] "GET /Rules2/SkittleBowl1967AURORA.pdf HTTP/1.1" 404 88 "-" "Mozilla/5.0 AppleWebKit/537.36 (KHTML, like Gecko; compatible; bingbot/2.0; +http://www.bing.com/bingbot.htm) Chrome/103.0.5060.134 Safari/537.36" "www.darwinsgamecloset.com"
49.7.21.118 - - [25/Nov/2022:17:29:35 -0800] "GET /robots.txt HTTP/1.1" 404 88 "-" "Sogou web spider/4.0(+http://www.sogou.com/docs/help/webmasters.htm#07)" "darwinsgamecloset.com"
64.71.131.243 - - [25/Nov/2022:18:05:32 -0800] "GET /robots.txt HTTP/1.1" 404 73 "-" "Mozilla/5.0 (compatible; ev-crawler/1.0; +https://headline.com/legal/crawler)" "darwinsgamecloset.com"
208.102.116.171 - - [25/Nov/2022:18:06:23 -0800] "GET /darwinsgamecloset.sql HTTP/1.1" 404 88 "-" "Screaming Frog SEO Spider/17.2" "darwinsgamecloset.com"
20.39.217.181 - - [25/Nov/2022:18:22:18 -0800] "GET / HTTP/1.1" 200 322 "-" "python-requests/2.28.1" "darwinsgamecloset.com"
123.125.109.52 - - [25/Nov/2022:18:40:40 -0800] "GET / HTTP/1.1" 200 322 "-" "Sogou web spider/4.0(+http://www.sogou.com/docs/help/webmasters.htm#07)" "darwinsgamecloset.com"
66.249.66.140 - - [25/Nov/2022:18:50:13 -0800] "GET /robots.txt HTTP/1.1" 404 88 "-" "Mozilla/5.0 (compatible; Googlebot/2.1; +http://www.google.com/bot.html)" "darwinsgamecloset.com"
66.249.66.140 - - [25/Nov/2022:18:51:34 -0800] "GET /ads.txt HTTP/1.1" 404 88 "-" "Mozilla/5.0 (compatible; Googlebot/2.1; +http://www.google.com/bot.html)" "darwinsgamecloset.com"
114.119.130.178 - - [25/Nov/2022:18:55:34 -0800] "GET /robots.txt HTTP/1.1" 404 88 "-" "Mozilla/5.0 (compatible;PetalBot;+https://webmaster.petalsearch.com/site/petalbot)" "darwinsgamecloset.com"
157.55.39.118 - - [25/Nov/2022:18:59:53 -0800] "GET /Rules2/X-MenAlert1992PRESSMAN.pdf HTTP/1.1" 404 88 "-" "Mozilla/5.0 (compatible; bingbot/2.0; +http://www.bing.com/bingbot.htm)" "www.darwinsgamecloset.com"
51.222.253.19 - - [25/Nov/2022:19:27:38 -0800] "GET / HTTP/1.1" 200 322 "-" "Mozilla/5.0 (compatible; AhrefsBot/7.0; +http://ahrefs.com/robot/)" "www.darwinsgamecloset.com"
157.55.39.150 - - [25/Nov/2022:19:43:14 -0800] "GET /bogglemaster1993.html HTTP/1.1" 404 88 "-" "Mozilla/5.0 (compatible; bingbot/2.0; +http://www.bing.com/bingbot.htm)" "www.darwinsgamecloset.com"
40.77.167.48 - - [25/Nov/2022:19:57:50 -0800] "GET / HTTP/1.1" 200 322 "-" "Mozilla/5.0 (compatible; bingbot/2.0; +http://www.bing.com/bingbot.htm)" "www.darwinsgamecloset.com"
38.126.157.45 - - [25/Nov/2022:19:59:34 -0800] "GET / HTTP/1.1" 200 322 "-" "Mozilla/5.0 (compatible; FemtosearchBot/1.0; http://femtosearch.com)" "darwinsgamecloset.com"
216.244.66.233 - - [25/Nov/2022:20:10:15 -0800] "GET /robots.txt HTTP/1.1" 404 73 "-" "Mozilla/5.0 (compatible; DotBot/1.2; +https://opensiteexplorer.org/dotbot; help@moz.com)" "www.darwinsgamecloset.com"
77.88.5.28 - - [25/Nov/2022:20:13:02 -0800] "GET /robots.txt HTTP/1.1" 404 73 "-" "Mozilla/5.0 (compatible; YandexBot/3.0; +http://yandex.com/bots)" "darwinsgamecloset.com"
77.88.5.28 - - [25/Nov/2022:20:13:05 -0800] "GET /masterpiece1970.html HTTP/1.1" 404 88 "-" "Mozilla/5.0 (compatible; YandexBot/3.0; +http://yandex.com/bots)" "darwinsgamecloset.com"
51.222.253.16 - - [25/Nov/2022:20:13:39 -0800] "GET / HTTP/1.1" 200 322 "-" "Mozilla/5.0 (compatible; AhrefsBot/7.0; +http://ahrefs.com/robot/)" "darwinsgamecloset.com"
114.119.154.73 - - [25/Nov/2022:20:27:18 -0800] "GET /robots.txt HTTP/1.1" 404 88 "-" "Mozilla/5.0 (compatible;PetalBot;+https://webmaster.petalsearch.com/site/petalbot)" "www.darwinsgamecloset.com"
77.88.5.253 - - [25/Nov/2022:20:32:01 -0800] "GET /redletter1989.html_ HTTP/1.1" 404 88 "-" "Mozilla/5.0 (compatible; YandexBot/3.0; +http://yandex.com/bots)" "darwinsgamecloset.com"
51.222.253.19 - - [25/Nov/2022:21:05:26 -0800] "GET / HTTP/1.1" 200 322 "-" "Mozilla/5.0 (compatible; AhrefsBot/7.0; +http://ahrefs.com/robot/)" "darwinsgamecloset.com"
17.121.113.99 - - [25/Nov/2022:21:07:58 -0800] "GET /robots.txt HTTP/1.1" 404 88 "-" "Mozilla/5.0 (Macintosh; Intel Mac OS X 10_15_5) AppleWebKit/605.1.15 (KHTML, like Gecko) Version/13.1.1 Safari/605.1.15 (Applebot/0.1; +http://www.apple.com/go/applebot)" "darwinsgamecloset.com"
17.121.113.99 - - [25/Nov/2022:21:07:58 -0800] "GET /_private/ HTTP/1.1" 403 170 "-" "Mozilla/5.0 (Macintosh; Intel Mac OS X 10_15_5) AppleWebKit/605.1.15 (KHTML, like Gecko) Version/13.1.1 Safari/605.1.15 (Applebot/0.1; +http://www.apple.com/go/applebot)" "darwinsgamecloset.com"
46.70.239.150 - - [25/Nov/2022:21:15:54 -0800] "GET /wp-login.php HTTP/1.1" 404 88 "http://darwinsgamecloset.com/wp-login.php" "Mozilla/5.0 (Windows NT 10.0; Win64; x64) AppleWebKit/537.36 (KHTML, like Gecko) Chrome/86.0.4240.198 Safari/537.36" "darwinsgamecloset.com"
216.113.49.187 - - [25/Nov/2022:21:15:54 -0800] "GET /wp-login.php HTTP/1.1" 404 88 "http://darwinsgamecloset.com/wp-login.php" "Mozilla/5.0 (Windows NT 10.0; Win64; x64) AppleWebKit/537.36 (KHTML, like Gecko) Chrome/86.0.4240.198 Safari/537.36" "darwinsgamecloset.com"
180.231.120.77 - - [25/Nov/2022:21:15:54 -0800] "GET /wp-login.php HTTP/1.1" 404 88 "http://darwinsgamecloset.com/wp-login.php" "Mozilla/5.0 (Windows NT 10.0; Win64; x64) AppleWebKit/537.36 (KHTML, like Gecko) Chrome/86.0.4240.198 Safari/AD1E00" "darwinsgamecloset.com"
5.1.38.51 - - [25/Nov/2022:21:15:54 -0800] "GET /wp-login.php HTTP/1.1" 404 88 "http://darwinsgamecloset.com/wp-login.php" "Mozilla/5.0 (Windows NT 10.0; Win64; x64) AppleWebKit/537.36 (KHTML, like Gecko) Chrome/86.0.4240.198 Safari/537.36" "darwinsgamecloset.com"
58.239.29.69 - - [25/Nov/2022:21:15:54 -0800] "GET /wp-login.php HTTP/1.1" 404 88 "http://darwinsgamecloset.com/wp-login.php" "Mozilla/5.0 (Windows NT 10.0; Win64; x64) AppleWebKit/537.36 (KHTML, like Gecko) Chrome/86.0.4240.198 Safari/B2EFF8" "darwinsgamecloset.com"
220.72.32.21 - - [25/Nov/2022:21:15:54 -0800] "GET /wp-login.php HTTP/1.1" 404 88 "http://darwinsgamecloset.com/wp-login.php" "Mozilla/5.0 (Windows NT 10.0; Win64; x64) AppleWebKit/537.36 (KHTML, like Gecko) Chrome/86.0.4240.198 Safari/64EA43" "darwinsgamecloset.com"
175.200.68.249 - - [25/Nov/2022:21:15:54 -0800] "GET /wp-login.php HTTP/1.1" 404 88 "http://darwinsgamecloset.com/wp-login.php" "Mozilla/5.0 (Windows NT 10.0; Win64; x64) AppleWebKit/537.36 (KHTML, like Gecko) Chrome/86.0.4240.198 Safari/8F7FF5" "darwinsgamecloset.com"
202.95.181.113 - - [25/Nov/2022:21:15:54 -0800] "GET /wp-login.php HTTP/1.1" 404 88 "http://darwinsgamecloset.com/wp-login.php" "Mozilla/5.0 (Windows NT 10.0; Win64; x64) AppleWebKit/537.36 (KHTML, like Gecko) Chrome/86.0.4240.198 Safari/1E6AF5" "darwinsgamecloset.com"
59.1.145.30 - - [25/Nov/2022:21:15:54 -0800] "GET /wp-login.php HTTP/1.1" 404 88 "http://darwinsgamecloset.com/wp-login.php" "Mozilla/5.0 (Windows NT 10.0; Win64; x64) AppleWebKit/537.36 (KHTML, like Gecko) Chrome/86.0.4240.198 Safari/66F2CE" "darwinsgamecloset.com"
219.255.146.128 - - [25/Nov/2022:21:15:54 -0800] "GET /wp-login.php HTTP/1.1" 404 88 "http://darwinsgamecloset.com/wp-login.php" "Mozilla/5.0 (Windows NT 10.0; Win64; x64) AppleWebKit/537.36 (KHTML, like Gecko) Chrome/86.0.4240.198 Safari/09FF57" "darwinsgamecloset.com"
138.122.98.181 - - [25/Nov/2022:21:15:54 -0800] "GET /wp-login.php HTTP/1.1" 404 88 "http://darwinsgamecloset.com/wp-login.php" "Mozilla/5.0 (Windows NT 10.0; Win64; x64) AppleWebKit/537.36 (KHTML, like Gecko) Chrome/86.0.4240.198 Safari/537.36" "darwinsgamecloset.com"
83.246.215.93 - - [25/Nov/2022:21:15:54 -0800] "GET /wp-login.php HTTP/1.1" 404 88 "http://darwinsgamecloset.com/wp-login.php" "Mozilla/5.0 (Windows NT 10.0; Win64; x64) AppleWebKit/537.36 (KHTML, like Gecko) Chrome/86.0.4240.198 Safari/537.36" "darwinsgamecloset.com"
118.110.14.129 - - [25/Nov/2022:21:15:54 -0800] "GET /wp-login.php HTTP/1.1" 404 88 "http://darwinsgamecloset.com/wp-login.php" "Mozilla/5.0 (Windows NT 10.0; Win64; x64) AppleWebKit/537.36 (KHTML, like Gecko) Chrome/86.0.4240.198 Safari/AEB870" "darwinsgamecloset.com"
60.99.168.92 - - [25/Nov/2022:21:15:54 -0800] "GET /wp-login.php HTTP/1.1" 404 88 "http://darwinsgamecloset.com/wp-login.php" "Mozilla/5.0 (Windows NT 10.0; Win64; x64) AppleWebKit/537.36 (KHTML, like Gecko) Chrome/86.0.4240.198 Safari/4A8AC2" "darwinsgamecloset.com"
118.157.158.218 - - [25/Nov/2022:21:15:54 -0800] "GET /wp-login.php HTTP/1.1" 404 88 "http://darwinsgamecloset.com/wp-login.php" "Mozilla/5.0 (Windows NT 10.0; Win64; x64) AppleWebKit/537.36 (KHTML, like Gecko) Chrome/86.0.4240.198 Safari/7F021D" "darwinsgamecloset.com"
121.133.40.71 - - [25/Nov/2022:21:15:54 -0800] "GET /wp-login.php HTTP/1.1" 404 88 "http://darwinsgamecloset.com/wp-login.php" "Mozilla/5.0 (Windows NT 10.0; Win64; x64) AppleWebKit/537.36 (KHTML, like Gecko) Chrome/86.0.4240.198 Safari/5F0869" "darwinsgamecloset.com"
39.121.227.219 - - [25/Nov/2022:21:15:54 -0800] "GET /wp-login.php HTTP/1.1" 404 88 "http://darwinsgamecloset.com/wp-login.php" "Mozilla/5.0 (Windows NT 10.0; Win64; x64) AppleWebKit/537.36 (KHTML, like Gecko) Chrome/86.0.4240.198 Safari/3B61F8" "darwinsgamecloset.com"
126.122.163.2 - - [25/Nov/2022:21:15:54 -0800] "GET /wp-login.php HTTP/1.1" 404 88 "http://darwinsgamecloset.com/wp-login.php" "Mozilla/5.0 (Windows NT 10.0; Win64; x64) AppleWebKit/537.36 (KHTML, like Gecko) Chrome/86.0.4240.198 Safari/14B91F" "darwinsgamecloset.com"
39.125.44.60 - - [25/Nov/2022:21:15:54 -0800] "GET /wp-login.php HTTP/1.1" 404 88 "http://darwinsgamecloset.com/wp-login.php" "Mozilla/5.0 (Windows NT 10.0; Win64; x64) AppleWebKit/537.36 (KHTML, like Gecko) Chrome/86.0.4240.198 Safari/4F5B04" "darwinsgamecloset.com"
114.108.10.169 - - [25/Nov/2022:21:15:54 -0800] "GET /wp-login.php HTTP/1.1" 404 88 "http://darwinsgamecloset.com/wp-login.php" "Mozilla/5.0 (Windows NT 10.0; Win64; x64) AppleWebKit/537.36 (KHTML, like Gecko) Chrome/86.0.4240.198 Safari/4C4473" "darwinsgamecloset.com"
112.148.182.181 - - [25/Nov/2022:21:15:54 -0800] "GET /wp-login.php HTTP/1.1" 404 88 "http://darwinsgamecloset.com/wp-login.php" "Mozilla/5.0 (Windows NT 10.0; Win64; x64) AppleWebKit/537.36 (KHTML, like Gecko) Chrome/86.0.4240.198 Safari/AFA2DC" "darwinsgamecloset.com"
211.211.202.208 - - [25/Nov/2022:21:15:54 -0800] "GET /wp-login.php HTTP/1.1" 404 88 "http://darwinsgamecloset.com/wp-login.php" "Mozilla/5.0 (Windows NT 10.0; Win64; x64) AppleWebKit/537.36 (KHTML, like Gecko) Chrome/86.0.4240.198 Safari/7439F0" "darwinsgamecloset.com"
210.105.164.218 - - [25/Nov/2022:21:15:54 -0800] "GET /wp-login.php HTTP/1.1" 404 88 "http://darwinsgamecloset.com/wp-login.php" "Mozilla/5.0 (Windows NT 10.0; Win64; x64) AppleWebKit/537.36 (KHTML, like Gecko) Chrome/86.0.4240.198 Safari/29264C" "darwinsgamecloset.com"
191.240.24.233 - - [25/Nov/2022:21:15:54 -0800] "GET /wp-login.php HTTP/1.1" 404 88 "http://darwinsgamecloset.com/wp-login.php" "Mozilla/5.0 (Windows NT 10.0; Win64; x64) AppleWebKit/537.36 (KHTML, like Gecko) Chrome/86.0.4240.198 Safari/537.36" "darwinsgamecloset.com"
133.165.135.35 - - [25/Nov/2022:21:15:54 -0800] "GET /wp-login.php HTTP/1.1" 404 88 "http://darwinsgamecloset.com/wp-login.php" "Mozilla/5.0 (Windows NT 10.0; Win64; x64) AppleWebKit/537.36 (KHTML, like Gecko) Chrome/86.0.4240.198 Safari/7650E9" "darwinsgamecloset.com"
121.133.120.85 - - [25/Nov/2022:21:15:54 -0800] "GET /wp-login.php HTTP/1.1" 404 88 "http://darwinsgamecloset.com/wp-login.php" "Mozilla/5.0 (Windows NT 10.0; Win64; x64) AppleWebKit/537.36 (KHTML, like Gecko) Chrome/86.0.4240.198 Safari/C34E7E" "darwinsgamecloset.com"
110.150.45.148 - - [25/Nov/2022:21:15:54 -0800] "GET /wp-login.php HTTP/1.1" 404 88 "http://darwinsgamecloset.com/wp-login.php" "Mozilla/5.0 (Windows NT 10.0; Win64; x64) AppleWebKit/537.36 (KHTML, like Gecko) Chrome/86.0.4240.198 Safari/4C95EC" "darwinsgamecloset.com"
177.130.171.80 - - [25/Nov/2022:21:15:54 -0800] "GET /wp-login.php HTTP/1.1" 404 88 "http://darwinsgamecloset.com/wp-login.php" "Mozilla/5.0 (Windows NT 10.0; Win64; x64) AppleWebKit/537.36 (KHTML, like Gecko) Chrome/86.0.4240.198 Safari/537.36" "darwinsgamecloset.com"
219.249.23.153 - - [25/Nov/2022:21:15:54 -0800] "GET /wp-login.php HTTP/1.1" 404 88 "http://darwinsgamecloset.com/wp-login.php" "Mozilla/5.0 (Windows NT 10.0; Win64; x64) AppleWebKit/537.36 (KHTML, like Gecko) Chrome/86.0.4240.198 Safari/97E175" "darwinsgamecloset.com"
196.0.87.86 - - [25/Nov/2022:21:15:54 -0800] "GET /wp-login.php HTTP/1.1" 404 88 "http://darwinsgamecloset.com/wp-login.php" "Mozilla/5.0 (Windows NT 10.0; Win64; x64) AppleWebKit/537.36 (KHTML, like Gecko) Chrome/86.0.4240.198 Safari/537.36" "darwinsgamecloset.com"
45.173.18.66 - - [25/Nov/2022:21:15:54 -0800] "GET /wp-login.php HTTP/1.1" 404 88 "http://darwinsgamecloset.com/wp-login.php" "Mozilla/5.0 (Windows NT 10.0; Win64; x64) AppleWebKit/537.36 (KHTML, like Gecko) Chrome/86.0.4240.198 Safari/537.36" "darwinsgamecloset.com"
103.207.4.55 - - [25/Nov/2022:21:15:54 -0800] "GET /wp-login.php HTTP/1.1" 404 88 "http://darwinsgamecloset.com/wp-login.php" "Mozilla/5.0 (Windows NT 10.0; Win64; x64) AppleWebKit/537.36 (KHTML, like Gecko) Chrome/86.0.4240.198 Safari/537.36" "darwinsgamecloset.com"
170.79.248.148 - - [25/Nov/2022:21:15:54 -0800] "GET /wp-login.php HTTP/1.1" 404 88 "http://darwinsgamecloset.com/wp-login.php" "Mozilla/5.0 (Windows NT 10.0; Win64; x64) AppleWebKit/537.36 (KHTML, like Gecko) Chrome/86.0.4240.198 Safari/537.36" "darwinsgamecloset.com"
201.140.240.49 - - [25/Nov/2022:21:15:54 -0800] "GET /wp-login.php HTTP/1.1" 404 88 "http://darwinsgamecloset.com/wp-login.php" "Mozilla/5.0 (Windows NT 10.0; Win64; x64) AppleWebKit/537.36 (KHTML, like Gecko) Chrome/86.0.4240.198 Safari/537.36" "darwinsgamecloset.com"
58.123.89.114 - - [25/Nov/2022:21:15:55 -0800] "GET /wp-login.php HTTP/1.1" 404 88 "http://darwinsgamecloset.com/wp-login.php" "Mozilla/5.0 (Windows NT 10.0; Win64; x64) AppleWebKit/537.36 (KHTML, like Gecko) Chrome/86.0.4240.198 Safari/25C439" "darwinsgamecloset.com"
46.70.239.150 - - [25/Nov/2022:21:15:55 -0800] "GET /admin/ HTTP/1.1" 404 88 "http://darwinsgamecloset.com/admin/" "Mozilla/5.0 (Windows NT 10.0; Win64; x64) AppleWebKit/537.36 (KHTML, like Gecko) Chrome/86.0.4240.198 Safari/537.36" "darwinsgamecloset.com"
5.1.38.51 - - [25/Nov/2022:21:15:55 -0800] "GET /admin/ HTTP/1.1" 404 88 "http://darwinsgamecloset.com/admin/" "Mozilla/5.0 (Windows NT 10.0; Win64; x64) AppleWebKit/537.36 (KHTML, like Gecko) Chrome/86.0.4240.198 Safari/537.36" "darwinsgamecloset.com"
180.231.120.77 - - [25/Nov/2022:21:15:55 -0800] "GET /admin/ HTTP/1.1" 404 88 "http://darwinsgamecloset.com/admin/" "Mozilla/5.0 (Windows NT 10.0; Win64; x64) AppleWebKit/537.36 (KHTML, like Gecko) Chrome/86.0.4240.198 Safari/AD1E00" "darwinsgamecloset.com"
83.246.215.93 - - [25/Nov/2022:21:15:55 -0800] "GET /admin/ HTTP/1.1" 404 88 "http://darwinsgamecloset.com/admin/" "Mozilla/5.0 (Windows NT 10.0; Win64; x64) AppleWebKit/537.36 (KHTML, like Gecko) Chrome/86.0.4240.198 Safari/537.36" "darwinsgamecloset.com"
202.95.181.113 - - [25/Nov/2022:21:15:55 -0800] "GET /admin/ HTTP/1.1" 404 88 "http://darwinsgamecloset.com/admin/" "Mozilla/5.0 (Windows NT 10.0; Win64; x64) AppleWebKit/537.36 (KHTML, like Gecko) Chrome/86.0.4240.198 Safari/1E6AF5" "darwinsgamecloset.com"
220.72.32.21 - - [25/Nov/2022:21:15:55 -0800] "GET /admin/ HTTP/1.1" 404 88 "http://darwinsgamecloset.com/admin/" "Mozilla/5.0 (Windows NT 10.0; Win64; x64) AppleWebKit/537.36 (KHTML, like Gecko) Chrome/86.0.4240.198 Safari/64EA43" "darwinsgamecloset.com"
175.200.68.249 - - [25/Nov/2022:21:15:55 -0800] "GET /admin/ HTTP/1.1" 404 88 "http://darwinsgamecloset.com/admin/" "Mozilla/5.0 (Windows NT 10.0; Win64; x64) AppleWebKit/537.36 (KHTML, like Gecko) Chrome/86.0.4240.198 Safari/8F7FF5" "darwinsgamecloset.com"
118.157.158.218 - - [25/Nov/2022:21:15:55 -0800] "GET /admin/ HTTP/1.1" 404 88 "http://darwinsgamecloset.com/admin/" "Mozilla/5.0 (Windows NT 10.0; Win64; x64) AppleWebKit/537.36 (KHTML, like Gecko) Chrome/86.0.4240.198 Safari/7F021D" "darwinsgamecloset.com"
59.1.145.30 - - [25/Nov/2022:21:15:55 -0800] "GET /admin/ HTTP/1.1" 404 88 "http://darwinsgamecloset.com/admin/" "Mozilla/5.0 (Windows NT 10.0; Win64; x64) AppleWebKit/537.36 (KHTML, like Gecko) Chrome/86.0.4240.198 Safari/66F2CE" "darwinsgamecloset.com"
58.239.29.69 - - [25/Nov/2022:21:15:55 -0800] "GET /admin/ HTTP/1.1" 404 88 "http://darwinsgamecloset.com/admin/" "Mozilla/5.0 (Windows NT 10.0; Win64; x64) AppleWebKit/537.36 (KHTML, like Gecko) Chrome/86.0.4240.198 Safari/B2EFF8" "darwinsgamecloset.com"
60.99.168.92 - - [25/Nov/2022:21:15:55 -0800] "GET /admin/ HTTP/1.1" 404 88 "http://darwinsgamecloset.com/admin/" "Mozilla/5.0 (Windows NT 10.0; Win64; x64) AppleWebKit/537.36 (KHTML, like Gecko) Chrome/86.0.4240.198 Safari/4A8AC2" "darwinsgamecloset.com"
118.110.14.129 - - [25/Nov/2022:21:15:55 -0800] "GET /admin/ HTTP/1.1" 404 88 "http://darwinsgamecloset.com/admin/" "Mozilla/5.0 (Windows NT 10.0; Win64; x64) AppleWebKit/537.36 (KHTML, like Gecko) Chrome/86.0.4240.198 Safari/AEB870" "darwinsgamecloset.com"
39.125.44.60 - - [25/Nov/2022:21:15:55 -0800] "GET /admin/ HTTP/1.1" 404 88 "http://darwinsgamecloset.com/admin/" "Mozilla/5.0 (Windows NT 10.0; Win64; x64) AppleWebKit/537.36 (KHTML, like Gecko) Chrome/86.0.4240.198 Safari/4F5B04" "darwinsgamecloset.com"
112.148.182.181 - - [25/Nov/2022:21:15:55 -0800] "GET /admin/ HTTP/1.1" 404 88 "http://darwinsgamecloset.com/admin/" "Mozilla/5.0 (Windows NT 10.0; Win64; x64) AppleWebKit/537.36 (KHTML, like Gecko) Chrome/86.0.4240.198 Safari/AFA2DC" "darwinsgamecloset.com"
138.122.98.181 - - [25/Nov/2022:21:15:55 -0800] "GET /admin/ HTTP/1.1" 404 88 "http://darwinsgamecloset.com/admin/" "Mozilla/5.0 (Windows NT 10.0; Win64; x64) AppleWebKit/537.36 (KHTML, like Gecko) Chrome/86.0.4240.198 Safari/537.36" "darwinsgamecloset.com"
219.255.146.128 - - [25/Nov/2022:21:15:55 -0800] "GET /admin/ HTTP/1.1" 404 88 "http://darwinsgamecloset.com/admin/" "Mozilla/5.0 (Windows NT 10.0; Win64; x64) AppleWebKit/537.36 (KHTML, like Gecko) Chrome/86.0.4240.198 Safari/09FF57" "darwinsgamecloset.com"
121.133.40.71 - - [25/Nov/2022:21:15:55 -0800] "GET /admin/ HTTP/1.1" 404 88 "http://darwinsgamecloset.com/admin/" "Mozilla/5.0 (Windows NT 10.0; Win64; x64) AppleWebKit/537.36 (KHTML, like Gecko) Chrome/86.0.4240.198 Safari/5F0869" "darwinsgamecloset.com"
39.121.227.219 - - [25/Nov/2022:21:15:55 -0800] "GET /admin/ HTTP/1.1" 404 88 "http://darwinsgamecloset.com/admin/" "Mozilla/5.0 (Windows NT 10.0; Win64; x64) AppleWebKit/537.36 (KHTML, like Gecko) Chrome/86.0.4240.198 Safari/3B61F8" "darwinsgamecloset.com"
211.211.202.208 - - [25/Nov/2022:21:15:55 -0800] "GET /admin/ HTTP/1.1" 404 88 "http://darwinsgamecloset.com/admin/" "Mozilla/5.0 (Windows NT 10.0; Win64; x64) AppleWebKit/537.36 (KHTML, like Gecko) Chrome/86.0.4240.198 Safari/7439F0" "darwinsgamecloset.com"
126.122.163.2 - - [25/Nov/2022:21:15:55 -0800] "GET /admin/ HTTP/1.1" 404 88 "http://darwinsgamecloset.com/admin/" "Mozilla/5.0 (Windows NT 10.0; Win64; x64) AppleWebKit/537.36 (KHTML, like Gecko) Chrome/86.0.4240.198 Safari/14B91F" "darwinsgamecloset.com"
114.108.10.169 - - [25/Nov/2022:21:15:55 -0800] "GET /admin/ HTTP/1.1" 404 88 "http://darwinsgamecloset.com/admin/" "Mozilla/5.0 (Windows NT 10.0; Win64; x64) AppleWebKit/537.36 (KHTML, like Gecko) Chrome/86.0.4240.198 Safari/4C4473" "darwinsgamecloset.com"
210.105.164.218 - - [25/Nov/2022:21:15:55 -0800] "GET /admin/ HTTP/1.1" 404 88 "http://darwinsgamecloset.com/admin/" "Mozilla/5.0 (Windows NT 10.0; Win64; x64) AppleWebKit/537.36 (KHTML, like Gecko) Chrome/86.0.4240.198 Safari/29264C" "darwinsgamecloset.com"
191.240.24.233 - - [25/Nov/2022:21:15:55 -0800] "GET /admin/ HTTP/1.1" 404 88 "http://darwinsgamecloset.com/admin/" "Mozilla/5.0 (Windows NT 10.0; Win64; x64) AppleWebKit/537.36 (KHTML, like Gecko) Chrome/86.0.4240.198 Safari/537.36" "darwinsgamecloset.com"
133.165.135.35 - - [25/Nov/2022:21:15:56 -0800] "GET /admin/ HTTP/1.1" 404 88 "http://darwinsgamecloset.com/admin/" "Mozilla/5.0 (Windows NT 10.0; Win64; x64) AppleWebKit/537.36 (KHTML, like Gecko) Chrome/86.0.4240.198 Safari/7650E9" "darwinsgamecloset.com"
121.133.120.85 - - [25/Nov/2022:21:15:56 -0800] "GET /admin/ HTTP/1.1" 404 88 "http://darwinsgamecloset.com/admin/" "Mozilla/5.0 (Windows NT 10.0; Win64; x64) AppleWebKit/537.36 (KHTML, like Gecko) Chrome/86.0.4240.198 Safari/C34E7E" "darwinsgamecloset.com"
110.150.45.148 - - [25/Nov/2022:21:15:56 -0800] "GET /admin/ HTTP/1.1" 404 88 "http://darwinsgamecloset.com/admin/" "Mozilla/5.0 (Windows NT 10.0; Win64; x64) AppleWebKit/537.36 (KHTML, like Gecko) Chrome/86.0.4240.198 Safari/4C95EC" "darwinsgamecloset.com"
196.0.87.86 - - [25/Nov/2022:21:15:56 -0800] "GET /admin/ HTTP/1.1" 404 88 "http://darwinsgamecloset.com/admin/" "Mozilla/5.0 (Windows NT 10.0; Win64; x64) AppleWebKit/537.36 (KHTML, like Gecko) Chrome/86.0.4240.198 Safari/537.36" "darwinsgamecloset.com"
5.1.38.51 - - [25/Nov/2022:21:15:56 -0800] "GET /downloader/ HTTP/1.1" 404 88 "http://darwinsgamecloset.com/downloader/" "Mozilla/5.0 (Windows NT 10.0; Win64; x64) AppleWebKit/537.36 (KHTML, like Gecko) Chrome/86.0.4240.198 Safari/537.36" "darwinsgamecloset.com"
170.79.248.148 - - [25/Nov/2022:21:15:56 -0800] "GET /admin/ HTTP/1.1" 404 88 "http://darwinsgamecloset.com/admin/" "Mozilla/5.0 (Windows NT 10.0; Win64; x64) AppleWebKit/537.36 (KHTML, like Gecko) Chrome/86.0.4240.198 Safari/537.36" "darwinsgamecloset.com"
46.70.239.150 - - [25/Nov/2022:21:15:56 -0800] "GET /downloader/ HTTP/1.1" 404 88 "http://darwinsgamecloset.com/downloader/" "Mozilla/5.0 (Windows NT 10.0; Win64; x64) AppleWebKit/537.36 (KHTML, like Gecko) Chrome/86.0.4240.198 Safari/537.36" "darwinsgamecloset.com"
219.249.23.153 - - [25/Nov/2022:21:15:56 -0800] "GET /admin/ HTTP/1.1" 404 88 "http://darwinsgamecloset.com/admin/" "Mozilla/5.0 (Windows NT 10.0; Win64; x64) AppleWebKit/537.36 (KHTML, like Gecko) Chrome/86.0.4240.198 Safari/97E175" "darwinsgamecloset.com"
83.246.215.93 - - [25/Nov/2022:21:15:56 -0800] "GET /downloader/ HTTP/1.1" 404 88 "http://darwinsgamecloset.com/downloader/" "Mozilla/5.0 (Windows NT 10.0; Win64; x64) AppleWebKit/537.36 (KHTML, like Gecko) Chrome/86.0.4240.198 Safari/537.36" "darwinsgamecloset.com"
180.231.120.77 - - [25/Nov/2022:21:15:56 -0800] "GET /downloader/ HTTP/1.1" 404 88 "http://darwinsgamecloset.com/downloader/" "Mozilla/5.0 (Windows NT 10.0; Win64; x64) AppleWebKit/537.36 (KHTML, like Gecko) Chrome/86.0.4240.198 Safari/AD1E00" "darwinsgamecloset.com"
177.130.171.80 - - [25/Nov/2022:21:15:56 -0800] "GET /admin/ HTTP/1.1" 404 88 "http://darwinsgamecloset.com/admin/" "Mozilla/5.0 (Windows NT 10.0; Win64; x64) AppleWebKit/537.36 (KHTML, like Gecko) Chrome/86.0.4240.198 Safari/537.36" "darwinsgamecloset.com"
201.140.240.49 - - [25/Nov/2022:21:15:56 -0800] "GET /admin/ HTTP/1.1" 404 88 "http://darwinsgamecloset.com/admin/" "Mozilla/5.0 (Windows NT 10.0; Win64; x64) AppleWebKit/537.36 (KHTML, like Gecko) Chrome/86.0.4240.198 Safari/537.36" "darwinsgamecloset.com"
103.207.4.55 - - [25/Nov/2022:21:15:56 -0800] "GET /admin/ HTTP/1.1" 404 88 "http://darwinsgamecloset.com/admin/" "Mozilla/5.0 (Windows NT 10.0; Win64; x64) AppleWebKit/537.36 (KHTML, like Gecko) Chrome/86.0.4240.198 Safari/537.36" "darwinsgamecloset.com"
118.157.158.218 - - [25/Nov/2022:21:15:56 -0800] "GET /downloader/ HTTP/1.1" 404 88 "http://darwinsgamecloset.com/downloader/" "Mozilla/5.0 (Windows NT 10.0; Win64; x64) AppleWebKit/537.36 (KHTML, like Gecko) Chrome/86.0.4240.198 Safari/7F021D" "darwinsgamecloset.com"
45.173.18.66 - - [25/Nov/2022:21:15:56 -0800] "GET /admin/ HTTP/1.1" 404 88 "http://darwinsgamecloset.com/admin/" "Mozilla/5.0 (Windows NT 10.0; Win64; x64) AppleWebKit/537.36 (KHTML, like Gecko) Chrome/86.0.4240.198 Safari/537.36" "darwinsgamecloset.com"
202.95.181.113 - - [25/Nov/2022:21:15:57 -0800] "GET /downloader/ HTTP/1.1" 404 88 "http://darwinsgamecloset.com/downloader/" "Mozilla/5.0 (Windows NT 10.0; Win64; x64) AppleWebKit/537.36 (KHTML, like Gecko) Chrome/86.0.4240.198 Safari/1E6AF5" "darwinsgamecloset.com"
58.239.29.69 - - [25/Nov/2022:21:15:57 -0800] "GET /downloader/ HTTP/1.1" 404 88 "http://darwinsgamecloset.com/downloader/" "Mozilla/5.0 (Windows NT 10.0; Win64; x64) AppleWebKit/537.36 (KHTML, like Gecko) Chrome/86.0.4240.198 Safari/B2EFF8" "darwinsgamecloset.com"
220.72.32.21 - - [25/Nov/2022:21:15:57 -0800] "GET /downloader/ HTTP/1.1" 404 88 "http://darwinsgamecloset.com/downloader/" "Mozilla/5.0 (Windows NT 10.0; Win64; x64) AppleWebKit/537.36 (KHTML, like Gecko) Chrome/86.0.4240.198 Safari/64EA43" "darwinsgamecloset.com"
59.1.145.30 - - [25/Nov/2022:21:15:57 -0800] "GET /downloader/ HTTP/1.1" 404 88 "http://darwinsgamecloset.com/downloader/" "Mozilla/5.0 (Windows NT 10.0; Win64; x64) AppleWebKit/537.36 (KHTML, like Gecko) Chrome/86.0.4240.198 Safari/66F2CE" "darwinsgamecloset.com"
175.200.68.249 - - [25/Nov/2022:21:15:57 -0800] "GET /downloader/ HTTP/1.1" 404 88 "http://darwinsgamecloset.com/downloader/" "Mozilla/5.0 (Windows NT 10.0; Win64; x64) AppleWebKit/537.36 (KHTML, like Gecko) Chrome/86.0.4240.198 Safari/8F7FF5" "darwinsgamecloset.com"
39.125.44.60 - - [25/Nov/2022:21:15:57 -0800] "GET /downloader/ HTTP/1.1" 404 88 "http://darwinsgamecloset.com/downloader/" "Mozilla/5.0 (Windows NT 10.0; Win64; x64) AppleWebKit/537.36 (KHTML, like Gecko) Chrome/86.0.4240.198 Safari/4F5B04" "darwinsgamecloset.com"
112.148.182.181 - - [25/Nov/2022:21:15:57 -0800] "GET /downloader/ HTTP/1.1" 404 88 "http://darwinsgamecloset.com/downloader/" "Mozilla/5.0 (Windows NT 10.0; Win64; x64) AppleWebKit/537.36 (KHTML, like Gecko) Chrome/86.0.4240.198 Safari/AFA2DC" "darwinsgamecloset.com"
138.122.98.181 - - [25/Nov/2022:21:15:57 -0800] "GET /downloader/ HTTP/1.1" 404 88 "http://darwinsgamecloset.com/downloader/" "Mozilla/5.0 (Windows NT 10.0; Win64; x64) AppleWebKit/537.36 (KHTML, like Gecko) Chrome/86.0.4240.198 Safari/537.36" "darwinsgamecloset.com"
60.99.168.92 - - [25/Nov/2022:21:15:57 -0800] "GET /downloader/ HTTP/1.1" 404 88 "http://darwinsgamecloset.com/downloader/" "Mozilla/5.0 (Windows NT 10.0; Win64; x64) AppleWebKit/537.36 (KHTML, like Gecko) Chrome/86.0.4240.198 Safari/4A8AC2" "darwinsgamecloset.com"
219.255.146.128 - - [25/Nov/2022:21:15:57 -0800] "GET /downloader/ HTTP/1.1" 404 88 "http://darwinsgamecloset.com/downloader/" "Mozilla/5.0 (Windows NT 10.0; Win64; x64) AppleWebKit/537.36 (KHTML, like Gecko) Chrome/86.0.4240.198 Safari/09FF57" "darwinsgamecloset.com"
121.133.40.71 - - [25/Nov/2022:21:15:57 -0800] "GET /downloader/ HTTP/1.1" 404 88 "http://darwinsgamecloset.com/downloader/" "Mozilla/5.0 (Windows NT 10.0; Win64; x64) AppleWebKit/537.36 (KHTML, like Gecko) Chrome/86.0.4240.198 Safari/5F0869" "darwinsgamecloset.com"
211.211.202.208 - - [25/Nov/2022:21:15:57 -0800] "GET /downloader/ HTTP/1.1" 404 88 "http://darwinsgamecloset.com/downloader/" "Mozilla/5.0 (Windows NT 10.0; Win64; x64) AppleWebKit/537.36 (KHTML, like Gecko) Chrome/86.0.4240.198 Safari/7439F0" "darwinsgamecloset.com"
58.123.89.114 - - [25/Nov/2022:21:15:57 -0800] "GET /admin/ HTTP/1.1" 404 88 "http://darwinsgamecloset.com/admin/" "Mozilla/5.0 (Windows NT 10.0; Win64; x64) AppleWebKit/537.36 (KHTML, like Gecko) Chrome/86.0.4240.198 Safari/25C439" "darwinsgamecloset.com"
118.110.14.129 - - [25/Nov/2022:21:15:57 -0800] "GET /downloader/ HTTP/1.1" 404 88 "http://darwinsgamecloset.com/downloader/" "Mozilla/5.0 (Windows NT 10.0; Win64; x64) AppleWebKit/537.36 (KHTML, like Gecko) Chrome/86.0.4240.198 Safari/AEB870" "darwinsgamecloset.com"
126.122.163.2 - - [25/Nov/2022:21:15:57 -0800] "GET /downloader/ HTTP/1.1" 404 88 "http://darwinsgamecloset.com/downloader/" "Mozilla/5.0 (Windows NT 10.0; Win64; x64) AppleWebKit/537.36 (KHTML, like Gecko) Chrome/86.0.4240.198 Safari/14B91F" "darwinsgamecloset.com"
39.121.227.219 - - [25/Nov/2022:21:15:57 -0800] "GET /downloader/ HTTP/1.1" 404 88 "http://darwinsgamecloset.com/downloader/" "Mozilla/5.0 (Windows NT 10.0; Win64; x64) AppleWebKit/537.36 (KHTML, like Gecko) Chrome/86.0.4240.198 Safari/3B61F8" "darwinsgamecloset.com"
5.1.38.51 - - [25/Nov/2022:21:15:57 -0800] "GET /admin.php HTTP/1.1" 404 88 "http://darwinsgamecloset.com/admin.php" "Mozilla/5.0 (Windows NT 10.0; Win64; x64) AppleWebKit/537.36 (KHTML, like Gecko) Chrome/86.0.4240.198 Safari/537.36" "darwinsgamecloset.com"
191.240.24.233 - - [25/Nov/2022:21:15:57 -0800] "GET /downloader/ HTTP/1.1" 404 88 "http://darwinsgamecloset.com/downloader/" "Mozilla/5.0 (Windows NT 10.0; Win64; x64) AppleWebKit/537.36 (KHTML, like Gecko) Chrome/86.0.4240.198 Safari/537.36" "darwinsgamecloset.com"
114.108.10.169 - - [25/Nov/2022:21:15:57 -0800] "GET /downloader/ HTTP/1.1" 404 88 "http://darwinsgamecloset.com/downloader/" "Mozilla/5.0 (Windows NT 10.0; Win64; x64) AppleWebKit/537.36 (KHTML, like Gecko) Chrome/86.0.4240.198 Safari/4C4473" "darwinsgamecloset.com"
210.105.164.218 - - [25/Nov/2022:21:15:57 -0800] "GET /downloader/ HTTP/1.1" 404 88 "http://darwinsgamecloset.com/downloader/" "Mozilla/5.0 (Windows NT 10.0; Win64; x64) AppleWebKit/537.36 (KHTML, like Gecko) Chrome/86.0.4240.198 Safari/29264C" "darwinsgamecloset.com"
121.133.120.85 - - [25/Nov/2022:21:15:57 -0800] "GET /downloader/ HTTP/1.1" 404 88 "http://darwinsgamecloset.com/downloader/" "Mozilla/5.0 (Windows NT 10.0; Win64; x64) AppleWebKit/537.36 (KHTML, like Gecko) Chrome/86.0.4240.198 Safari/C34E7E" "darwinsgamecloset.com"
110.150.45.148 - - [25/Nov/2022:21:15:57 -0800] "GET /downloader/ HTTP/1.1" 404 88 "http://darwinsgamecloset.com/downloader/" "Mozilla/5.0 (Windows NT 10.0; Win64; x64) AppleWebKit/537.36 (KHTML, like Gecko) Chrome/86.0.4240.198 Safari/4C95EC" "darwinsgamecloset.com"
46.70.239.150 - - [25/Nov/2022:21:15:57 -0800] "GET /admin.php HTTP/1.1" 404 88 "http://darwinsgamecloset.com/admin.php" "Mozilla/5.0 (Windows NT 10.0; Win64; x64) AppleWebKit/537.36 (KHTML, like Gecko) Chrome/86.0.4240.198 Safari/537.36" "darwinsgamecloset.com"
133.165.135.35 - - [25/Nov/2022:21:15:57 -0800] "GET /downloader/ HTTP/1.1" 404 88 "http://darwinsgamecloset.com/downloader/" "Mozilla/5.0 (Windows NT 10.0; Win64; x64) AppleWebKit/537.36 (KHTML, like Gecko) Chrome/86.0.4240.198 Safari/7650E9" "darwinsgamecloset.com"
196.0.87.86 - - [25/Nov/2022:21:15:58 -0800] "GET /downloader/ HTTP/1.1" 404 88 "http://darwinsgamecloset.com/downloader/" "Mozilla/5.0 (Windows NT 10.0; Win64; x64) AppleWebKit/537.36 (KHTML, like Gecko) Chrome/86.0.4240.198 Safari/537.36" "darwinsgamecloset.com"
180.231.120.77 - - [25/Nov/2022:21:15:58 -0800] "GET /admin.php HTTP/1.1" 404 88 "http://darwinsgamecloset.com/admin.php" "Mozilla/5.0 (Windows NT 10.0; Win64; x64) AppleWebKit/537.36 (KHTML, like Gecko) Chrome/86.0.4240.198 Safari/AD1E00" "darwinsgamecloset.com"
138.122.98.181 - - [25/Nov/2022:21:15:58 -0800] "GET /admin.php HTTP/1.1" 404 88 "http://darwinsgamecloset.com/admin.php" "Mozilla/5.0 (Windows NT 10.0; Win64; x64) AppleWebKit/537.36 (KHTML, like Gecko) Chrome/86.0.4240.198 Safari/537.36" "darwinsgamecloset.com"
5.1.38.51 - - [25/Nov/2022:21:15:58 -0800] "GET /Backoffice/ HTTP/1.1" 404 88 "http://darwinsgamecloset.com/Backoffice/" "Mozilla/5.0 (Windows NT 10.0; Win64; x64) AppleWebKit/537.36 (KHTML, like Gecko) Chrome/86.0.4240.198 Safari/537.36" "darwinsgamecloset.com"
170.79.248.148 - - [25/Nov/2022:21:15:58 -0800] "GET /downloader/ HTTP/1.1" 404 88 "http://darwinsgamecloset.com/downloader/" "Mozilla/5.0 (Windows NT 10.0; Win64; x64) AppleWebKit/537.36 (KHTML, like Gecko) Chrome/86.0.4240.198 Safari/537.36" "darwinsgamecloset.com"
118.157.158.218 - - [25/Nov/2022:21:15:58 -0800] "GET /admin.php HTTP/1.1" 404 88 "http://darwinsgamecloset.com/admin.php" "Mozilla/5.0 (Windows NT 10.0; Win64; x64) AppleWebKit/537.36 (KHTML, like Gecko) Chrome/86.0.4240.198 Safari/7F021D" "darwinsgamecloset.com"
39.125.44.60 - - [25/Nov/2022:21:15:58 -0800] "GET /admin.php HTTP/1.1" 404 88 "http://darwinsgamecloset.com/admin.php" "Mozilla/5.0 (Windows NT 10.0; Win64; x64) AppleWebKit/537.36 (KHTML, like Gecko) Chrome/86.0.4240.198 Safari/4F5B04" "darwinsgamecloset.com"
202.95.181.113 - - [25/Nov/2022:21:15:58 -0800] "GET /admin.php HTTP/1.1" 404 88 "http://darwinsgamecloset.com/admin.php" "Mozilla/5.0 (Windows NT 10.0; Win64; x64) AppleWebKit/537.36 (KHTML, like Gecko) Chrome/86.0.4240.198 Safari/1E6AF5" "darwinsgamecloset.com"
59.1.145.30 - - [25/Nov/2022:21:15:58 -0800] "GET /admin.php HTTP/1.1" 404 88 "http://darwinsgamecloset.com/admin.php" "Mozilla/5.0 (Windows NT 10.0; Win64; x64) AppleWebKit/537.36 (KHTML, like Gecko) Chrome/86.0.4240.198 Safari/66F2CE" "darwinsgamecloset.com"
58.239.29.69 - - [25/Nov/2022:21:15:58 -0800] "GET /admin.php HTTP/1.1" 404 88 "http://darwinsgamecloset.com/admin.php" "Mozilla/5.0 (Windows NT 10.0; Win64; x64) AppleWebKit/537.36 (KHTML, like Gecko) Chrome/86.0.4240.198 Safari/B2EFF8" "darwinsgamecloset.com"
175.200.68.249 - - [25/Nov/2022:21:15:58 -0800] "GET /admin.php HTTP/1.1" 404 88 "http://darwinsgamecloset.com/admin.php" "Mozilla/5.0 (Windows NT 10.0; Win64; x64) AppleWebKit/537.36 (KHTML, like Gecko) Chrome/86.0.4240.198 Safari/8F7FF5" "darwinsgamecloset.com"
220.72.32.21 - - [25/Nov/2022:21:15:58 -0800] "GET /admin.php HTTP/1.1" 404 88 "http://darwinsgamecloset.com/admin.php" "Mozilla/5.0 (Windows NT 10.0; Win64; x64) AppleWebKit/537.36 (KHTML, like Gecko) Chrome/86.0.4240.198 Safari/64EA43" "darwinsgamecloset.com"
219.255.146.128 - - [25/Nov/2022:21:15:58 -0800] "GET /admin.php HTTP/1.1" 404 88 "http://darwinsgamecloset.com/admin.php" "Mozilla/5.0 (Windows NT 10.0; Win64; x64) AppleWebKit/537.36 (KHTML, like Gecko) Chrome/86.0.4240.198 Safari/09FF57" "darwinsgamecloset.com"
112.148.182.181 - - [25/Nov/2022:21:15:58 -0800] "GET /admin.php HTTP/1.1" 404 88 "http://darwinsgamecloset.com/admin.php" "Mozilla/5.0 (Windows NT 10.0; Win64; x64) AppleWebKit/537.36 (KHTML, like Gecko) Chrome/86.0.4240.198 Safari/AFA2DC" "darwinsgamecloset.com"
60.99.168.92 - - [25/Nov/2022:21:15:58 -0800] "GET /admin.php HTTP/1.1" 404 88 "http://darwinsgamecloset.com/admin.php" "Mozilla/5.0 (Windows NT 10.0; Win64; x64) AppleWebKit/537.36 (KHTML, like Gecko) Chrome/86.0.4240.198 Safari/4A8AC2" "darwinsgamecloset.com"
201.140.240.49 - - [25/Nov/2022:21:15:58 -0800] "GET /downloader/ HTTP/1.1" 404 88 "http://darwinsgamecloset.com/downloader/" "Mozilla/5.0 (Windows NT 10.0; Win64; x64) AppleWebKit/537.36 (KHTML, like Gecko) Chrome/86.0.4240.198 Safari/537.36" "darwinsgamecloset.com"
121.133.40.71 - - [25/Nov/2022:21:15:58 -0800] "GET /admin.php HTTP/1.1" 404 88 "http://darwinsgamecloset.com/admin.php" "Mozilla/5.0 (Windows NT 10.0; Win64; x64) AppleWebKit/537.36 (KHTML, like Gecko) Chrome/86.0.4240.198 Safari/5F0869" "darwinsgamecloset.com"
211.211.202.208 - - [25/Nov/2022:21:15:58 -0800] "GET /admin.php HTTP/1.1" 404 88 "http://darwinsgamecloset.com/admin.php" "Mozilla/5.0 (Windows NT 10.0; Win64; x64) AppleWebKit/537.36 (KHTML, like Gecko) Chrome/86.0.4240.198 Safari/7439F0" "darwinsgamecloset.com"
219.249.23.153 - - [25/Nov/2022:21:15:58 -0800] "GET /downloader/ HTTP/1.1" 404 88 "http://darwinsgamecloset.com/downloader/" "Mozilla/5.0 (Windows NT 10.0; Win64; x64) AppleWebKit/537.36 (KHTML, like Gecko) Chrome/86.0.4240.198 Safari/97E175" "darwinsgamecloset.com"
118.110.14.129 - - [25/Nov/2022:21:15:58 -0800] "GET /admin.php HTTP/1.1" 404 88 "http://darwinsgamecloset.com/admin.php" "Mozilla/5.0 (Windows NT 10.0; Win64; x64) AppleWebKit/537.36 (KHTML, like Gecko) Chrome/86.0.4240.198 Safari/AEB870" "darwinsgamecloset.com"
177.130.171.80 - - [25/Nov/2022:21:15:58 -0800] "GET /downloader/ HTTP/1.1" 404 88 "http://darwinsgamecloset.com/downloader/" "Mozilla/5.0 (Windows NT 10.0; Win64; x64) AppleWebKit/537.36 (KHTML, like Gecko) Chrome/86.0.4240.198 Safari/537.36" "darwinsgamecloset.com"
103.207.4.55 - - [25/Nov/2022:21:15:58 -0800] "GET /downloader/ HTTP/1.1" 404 88 "http://darwinsgamecloset.com/downloader/" "Mozilla/5.0 (Windows NT 10.0; Win64; x64) AppleWebKit/537.36 (KHTML, like Gecko) Chrome/86.0.4240.198 Safari/537.36" "darwinsgamecloset.com"
45.173.18.66 - - [25/Nov/2022:21:15:58 -0800] "GET /downloader/ HTTP/1.1" 404 88 "http://darwinsgamecloset.com/downloader/" "Mozilla/5.0 (Windows NT 10.0; Win64; x64) AppleWebKit/537.36 (KHTML, like Gecko) Chrome/86.0.4240.198 Safari/537.36" "darwinsgamecloset.com"
39.121.227.219 - - [25/Nov/2022:21:15:59 -0800] "GET /admin.php HTTP/1.1" 404 88 "http://darwinsgamecloset.com/admin.php" "Mozilla/5.0 (Windows NT 10.0; Win64; x64) AppleWebKit/537.36 (KHTML, like Gecko) Chrome/86.0.4240.198 Safari/3B61F8" "darwinsgamecloset.com"
46.70.239.150 - - [25/Nov/2022:21:15:59 -0800] "GET /Backoffice/ HTTP/1.1" 404 88 "http://darwinsgamecloset.com/Backoffice/" "Mozilla/5.0 (Windows NT 10.0; Win64; x64) AppleWebKit/537.36 (KHTML, like Gecko) Chrome/86.0.4240.198 Safari/537.36" "darwinsgamecloset.com"
126.122.163.2 - - [25/Nov/2022:21:15:59 -0800] "GET /admin.php HTTP/1.1" 404 88 "http://darwinsgamecloset.com/admin.php" "Mozilla/5.0 (Windows NT 10.0; Win64; x64) AppleWebKit/537.36 (KHTML, like Gecko) Chrome/86.0.4240.198 Safari/14B91F" "darwinsgamecloset.com"
5.1.38.51 - - [25/Nov/2022:21:15:59 -0800] "GET /administrator/ HTTP/1.1" 404 88 "http://darwinsgamecloset.com/administrator/" "Mozilla/5.0 (Windows NT 10.0; Win64; x64) AppleWebKit/537.36 (KHTML, like Gecko) Chrome/86.0.4240.198 Safari/537.36" "darwinsgamecloset.com"
191.240.24.233 - - [25/Nov/2022:21:15:59 -0800] "GET /admin.php HTTP/1.1" 404 88 "http://darwinsgamecloset.com/admin.php" "Mozilla/5.0 (Windows NT 10.0; Win64; x64) AppleWebKit/537.36 (KHTML, like Gecko) Chrome/86.0.4240.198 Safari/537.36" "darwinsgamecloset.com"
114.108.10.169 - - [25/Nov/2022:21:15:59 -0800] "GET /admin.php HTTP/1.1" 404 88 "http://darwinsgamecloset.com/admin.php" "Mozilla/5.0 (Windows NT 10.0; Win64; x64) AppleWebKit/537.36 (KHTML, like Gecko) Chrome/86.0.4240.198 Safari/4C4473" "darwinsgamecloset.com"
210.105.164.218 - - [25/Nov/2022:21:15:59 -0800] "GET /admin.php HTTP/1.1" 404 88 "http://darwinsgamecloset.com/admin.php" "Mozilla/5.0 (Windows NT 10.0; Win64; x64) AppleWebKit/537.36 (KHTML, like Gecko) Chrome/86.0.4240.198 Safari/29264C" "darwinsgamecloset.com"
121.133.120.85 - - [25/Nov/2022:21:15:59 -0800] "GET /admin.php HTTP/1.1" 404 88 "http://darwinsgamecloset.com/admin.php" "Mozilla/5.0 (Windows NT 10.0; Win64; x64) AppleWebKit/537.36 (KHTML, like Gecko) Chrome/86.0.4240.198 Safari/C34E7E" "darwinsgamecloset.com"
90.149.233.195 - - [25/Nov/2022:21:15:59 -0800] "GET /downloader/ HTTP/1.1" 404 88 "http://darwinsgamecloset.com/downloader/" "Mozilla/5.0 (Windows NT 10.0; Win64; x64) AppleWebKit/537.36 (KHTML, like Gecko) Chrome/86.0.4240.198 Safari/7A70A6" "darwinsgamecloset.com"
133.165.135.35 - - [25/Nov/2022:21:15:59 -0800] "GET /admin.php HTTP/1.1" 404 88 "http://darwinsgamecloset.com/admin.php" "Mozilla/5.0 (Windows NT 10.0; Win64; x64) AppleWebKit/537.36 (KHTML, like Gecko) Chrome/86.0.4240.198 Safari/7650E9" "darwinsgamecloset.com"
110.150.45.148 - - [25/Nov/2022:21:15:59 -0800] "GET /admin.php HTTP/1.1" 404 88 "http://darwinsgamecloset.com/admin.php" "Mozilla/5.0 (Windows NT 10.0; Win64; x64) AppleWebKit/537.36 (KHTML, like Gecko) Chrome/86.0.4240.198 Safari/4C95EC" "darwinsgamecloset.com"
138.122.98.181 - - [25/Nov/2022:21:15:59 -0800] "GET /Backoffice/ HTTP/1.1" 404 88 "http://darwinsgamecloset.com/Backoffice/" "Mozilla/5.0 (Windows NT 10.0; Win64; x64) AppleWebKit/537.36 (KHTML, like Gecko) Chrome/86.0.4240.198 Safari/537.36" "darwinsgamecloset.com"
118.157.158.218 - - [25/Nov/2022:21:15:59 -0800] "GET /Backoffice/ HTTP/1.1" 404 88 "http://darwinsgamecloset.com/Backoffice/" "Mozilla/5.0 (Windows NT 10.0; Win64; x64) AppleWebKit/537.36 (KHTML, like Gecko) Chrome/86.0.4240.198 Safari/7F021D" "darwinsgamecloset.com"
180.231.120.77 - - [25/Nov/2022:21:15:59 -0800] "GET /Backoffice/ HTTP/1.1" 404 88 "http://darwinsgamecloset.com/Backoffice/" "Mozilla/5.0 (Windows NT 10.0; Win64; x64) AppleWebKit/537.36 (KHTML, like Gecko) Chrome/86.0.4240.198 Safari/AD1E00" "darwinsgamecloset.com"
39.125.44.60 - - [25/Nov/2022:21:15:59 -0800] "GET /Backoffice/ HTTP/1.1" 404 88 "http://darwinsgamecloset.com/Backoffice/" "Mozilla/5.0 (Windows NT 10.0; Win64; x64) AppleWebKit/537.36 (KHTML, like Gecko) Chrome/86.0.4240.198 Safari/4F5B04" "darwinsgamecloset.com"
196.0.87.86 - - [25/Nov/2022:21:15:59 -0800] "GET /admin.php HTTP/1.1" 404 88 "http://darwinsgamecloset.com/admin.php" "Mozilla/5.0 (Windows NT 10.0; Win64; x64) AppleWebKit/537.36 (KHTML, like Gecko) Chrome/86.0.4240.198 Safari/537.36" "darwinsgamecloset.com"
220.72.32.21 - - [25/Nov/2022:21:15:59 -0800] "GET /Backoffice/ HTTP/1.1" 404 88 "http://darwinsgamecloset.com/Backoffice/" "Mozilla/5.0 (Windows NT 10.0; Win64; x64) AppleWebKit/537.36 (KHTML, like Gecko) Chrome/86.0.4240.198 Safari/64EA43" "darwinsgamecloset.com"
170.79.248.148 - - [25/Nov/2022:21:15:59 -0800] "GET /admin.php HTTP/1.1" 404 88 "http://darwinsgamecloset.com/admin.php" "Mozilla/5.0 (Windows NT 10.0; Win64; x64) AppleWebKit/537.36 (KHTML, like Gecko) Chrome/86.0.4240.198 Safari/537.36" "darwinsgamecloset.com"
202.95.181.113 - - [25/Nov/2022:21:15:59 -0800] "GET /Backoffice/ HTTP/1.1" 404 88 "http://darwinsgamecloset.com/Backoffice/" "Mozilla/5.0 (Windows NT 10.0; Win64; x64) AppleWebKit/537.36 (KHTML, like Gecko) Chrome/86.0.4240.198 Safari/1E6AF5" "darwinsgamecloset.com"
59.1.145.30 - - [25/Nov/2022:21:15:59 -0800] "GET /Backoffice/ HTTP/1.1" 404 88 "http://darwinsgamecloset.com/Backoffice/" "Mozilla/5.0 (Windows NT 10.0; Win64; x64) AppleWebKit/537.36 (KHTML, like Gecko) Chrome/86.0.4240.198 Safari/66F2CE" "darwinsgamecloset.com"
58.239.29.69 - - [25/Nov/2022:21:15:59 -0800] "GET /Backoffice/ HTTP/1.1" 404 88 "http://darwinsgamecloset.com/Backoffice/" "Mozilla/5.0 (Windows NT 10.0; Win64; x64) AppleWebKit/537.36 (KHTML, like Gecko) Chrome/86.0.4240.198 Safari/B2EFF8" "darwinsgamecloset.com"
219.255.146.128 - - [25/Nov/2022:21:15:59 -0800] "GET /Backoffice/ HTTP/1.1" 404 88 "http://darwinsgamecloset.com/Backoffice/" "Mozilla/5.0 (Windows NT 10.0; Win64; x64) AppleWebKit/537.36 (KHTML, like Gecko) Chrome/86.0.4240.198 Safari/09FF57" "darwinsgamecloset.com"
175.200.68.249 - - [25/Nov/2022:21:15:59 -0800] "GET /Backoffice/ HTTP/1.1" 404 88 "http://darwinsgamecloset.com/Backoffice/" "Mozilla/5.0 (Windows NT 10.0; Win64; x64) AppleWebKit/537.36 (KHTML, like Gecko) Chrome/86.0.4240.198 Safari/8F7FF5" "darwinsgamecloset.com"
121.133.40.71 - - [25/Nov/2022:21:15:59 -0800] "GET /Backoffice/ HTTP/1.1" 404 88 "http://darwinsgamecloset.com/Backoffice/" "Mozilla/5.0 (Windows NT 10.0; Win64; x64) AppleWebKit/537.36 (KHTML, like Gecko) Chrome/86.0.4240.198 Safari/5F0869" "darwinsgamecloset.com"
60.99.168.92 - - [25/Nov/2022:21:15:59 -0800] "GET /Backoffice/ HTTP/1.1" 404 88 "http://darwinsgamecloset.com/Backoffice/" "Mozilla/5.0 (Windows NT 10.0; Win64; x64) AppleWebKit/537.36 (KHTML, like Gecko) Chrome/86.0.4240.198 Safari/4A8AC2" "darwinsgamecloset.com"
112.148.182.181 - - [25/Nov/2022:21:15:59 -0800] "GET /Backoffice/ HTTP/1.1" 404 88 "http://darwinsgamecloset.com/Backoffice/" "Mozilla/5.0 (Windows NT 10.0; Win64; x64) AppleWebKit/537.36 (KHTML, like Gecko) Chrome/86.0.4240.198 Safari/AFA2DC" "darwinsgamecloset.com"
201.140.240.49 - - [25/Nov/2022:21:16:00 -0800] "GET /admin.php HTTP/1.1" 404 88 "http://darwinsgamecloset.com/admin.php" "Mozilla/5.0 (Windows NT 10.0; Win64; x64) AppleWebKit/537.36 (KHTML, like Gecko) Chrome/86.0.4240.198 Safari/537.36" "darwinsgamecloset.com"
211.211.202.208 - - [25/Nov/2022:21:16:00 -0800] "GET /Backoffice/ HTTP/1.1" 404 88 "http://darwinsgamecloset.com/Backoffice/" "Mozilla/5.0 (Windows NT 10.0; Win64; x64) AppleWebKit/537.36 (KHTML, like Gecko) Chrome/86.0.4240.198 Safari/7439F0" "darwinsgamecloset.com"
46.70.239.150 - - [25/Nov/2022:21:16:00 -0800] "GET /administrator/ HTTP/1.1" 404 88 "http://darwinsgamecloset.com/administrator/" "Mozilla/5.0 (Windows NT 10.0; Win64; x64) AppleWebKit/537.36 (KHTML, like Gecko) Chrome/86.0.4240.198 Safari/537.36" "darwinsgamecloset.com"
118.110.14.129 - - [25/Nov/2022:21:16:00 -0800] "GET /Backoffice/ HTTP/1.1" 404 88 "http://darwinsgamecloset.com/Backoffice/" "Mozilla/5.0 (Windows NT 10.0; Win64; x64) AppleWebKit/537.36 (KHTML, like Gecko) Chrome/86.0.4240.198 Safari/AEB870" "darwinsgamecloset.com"
126.122.163.2 - - [25/Nov/2022:21:16:00 -0800] "GET /Backoffice/ HTTP/1.1" 404 88 "http://darwinsgamecloset.com/Backoffice/" "Mozilla/5.0 (Windows NT 10.0; Win64; x64) AppleWebKit/537.36 (KHTML, like Gecko) Chrome/86.0.4240.198 Safari/14B91F" "darwinsgamecloset.com"
39.121.227.219 - - [25/Nov/2022:21:16:00 -0800] "GET /Backoffice/ HTTP/1.1" 404 88 "http://darwinsgamecloset.com/Backoffice/" "Mozilla/5.0 (Windows NT 10.0; Win64; x64) AppleWebKit/537.36 (KHTML, like Gecko) Chrome/86.0.4240.198 Safari/3B61F8" "darwinsgamecloset.com"
138.122.98.181 - - [25/Nov/2022:21:16:00 -0800] "GET /administrator/ HTTP/1.1" 404 88 "http://darwinsgamecloset.com/administrator/" "Mozilla/5.0 (Windows NT 10.0; Win64; x64) AppleWebKit/537.36 (KHTML, like Gecko) Chrome/86.0.4240.198 Safari/537.36" "darwinsgamecloset.com"
210.105.164.218 - - [25/Nov/2022:21:16:00 -0800] "GET /Backoffice/ HTTP/1.1" 404 88 "http://darwinsgamecloset.com/Backoffice/" "Mozilla/5.0 (Windows NT 10.0; Win64; x64) AppleWebKit/537.36 (KHTML, like Gecko) Chrome/86.0.4240.198 Safari/29264C" "darwinsgamecloset.com"
114.108.10.169 - - [25/Nov/2022:21:16:00 -0800] "GET /Backoffice/ HTTP/1.1" 404 88 "http://darwinsgamecloset.com/Backoffice/" "Mozilla/5.0 (Windows NT 10.0; Win64; x64) AppleWebKit/537.36 (KHTML, like Gecko) Chrome/86.0.4240.198 Safari/4C4473" "darwinsgamecloset.com"
133.165.135.35 - - [25/Nov/2022:21:16:00 -0800] "GET /Backoffice/ HTTP/1.1" 404 88 "http://darwinsgamecloset.com/Backoffice/" "Mozilla/5.0 (Windows NT 10.0; Win64; x64) AppleWebKit/537.36 (KHTML, like Gecko) Chrome/86.0.4240.198 Safari/7650E9" "darwinsgamecloset.com"
191.240.24.233 - - [25/Nov/2022:21:16:00 -0800] "GET /Backoffice/ HTTP/1.1" 404 88 "http://darwinsgamecloset.com/Backoffice/" "Mozilla/5.0 (Windows NT 10.0; Win64; x64) AppleWebKit/537.36 (KHTML, like Gecko) Chrome/86.0.4240.198 Safari/537.36" "darwinsgamecloset.com"
118.157.158.218 - - [25/Nov/2022:21:16:00 -0800] "GET /administrator/ HTTP/1.1" 404 88 "http://darwinsgamecloset.com/administrator/" "Mozilla/5.0 (Windows NT 10.0; Win64; x64) AppleWebKit/537.36 (KHTML, like Gecko) Chrome/86.0.4240.198 Safari/7F021D" "darwinsgamecloset.com"
103.207.4.55 - - [25/Nov/2022:21:16:00 -0800] "GET /admin.php HTTP/1.1" 404 88 "http://darwinsgamecloset.com/admin.php" "Mozilla/5.0 (Windows NT 10.0; Win64; x64) AppleWebKit/537.36 (KHTML, like Gecko) Chrome/86.0.4240.198 Safari/537.36" "darwinsgamecloset.com"
219.249.23.153 - - [25/Nov/2022:21:16:00 -0800] "GET /admin.php HTTP/1.1" 404 88 "http://darwinsgamecloset.com/admin.php" "Mozilla/5.0 (Windows NT 10.0; Win64; x64) AppleWebKit/537.36 (KHTML, like Gecko) Chrome/86.0.4240.198 Safari/97E175" "darwinsgamecloset.com"
39.125.44.60 - - [25/Nov/2022:21:16:00 -0800] "GET /administrator/ HTTP/1.1" 404 88 "http://darwinsgamecloset.com/administrator/" "Mozilla/5.0 (Windows NT 10.0; Win64; x64) AppleWebKit/537.36 (KHTML, like Gecko) Chrome/86.0.4240.198 Safari/4F5B04" "darwinsgamecloset.com"
58.123.89.114 - - [25/Nov/2022:21:16:00 -0800] "GET /downloader/ HTTP/1.1" 404 88 "http://darwinsgamecloset.com/downloader/" "Mozilla/5.0 (Windows NT 10.0; Win64; x64) AppleWebKit/537.36 (KHTML, like Gecko) Chrome/86.0.4240.198 Safari/25C439" "darwinsgamecloset.com"
121.133.120.85 - - [25/Nov/2022:21:16:00 -0800] "GET /Backoffice/ HTTP/1.1" 404 88 "http://darwinsgamecloset.com/Backoffice/" "Mozilla/5.0 (Windows NT 10.0; Win64; x64) AppleWebKit/537.36 (KHTML, like Gecko) Chrome/86.0.4240.198 Safari/C34E7E" "darwinsgamecloset.com"
202.95.181.113 - - [25/Nov/2022:21:16:00 -0800] "GET /administrator/ HTTP/1.1" 404 88 "http://darwinsgamecloset.com/administrator/" "Mozilla/5.0 (Windows NT 10.0; Win64; x64) AppleWebKit/537.36 (KHTML, like Gecko) Chrome/86.0.4240.198 Safari/1E6AF5" "darwinsgamecloset.com"
180.231.120.77 - - [25/Nov/2022:21:16:01 -0800] "GET /administrator/ HTTP/1.1" 404 88 "http://darwinsgamecloset.com/administrator/" "Mozilla/5.0 (Windows NT 10.0; Win64; x64) AppleWebKit/537.36 (KHTML, like Gecko) Chrome/86.0.4240.198 Safari/AD1E00" "darwinsgamecloset.com"
219.255.146.128 - - [25/Nov/2022:21:16:01 -0800] "GET /administrator/ HTTP/1.1" 404 88 "http://darwinsgamecloset.com/administrator/" "Mozilla/5.0 (Windows NT 10.0; Win64; x64) AppleWebKit/537.36 (KHTML, like Gecko) Chrome/86.0.4240.198 Safari/09FF57" "darwinsgamecloset.com"
58.239.29.69 - - [25/Nov/2022:21:16:01 -0800] "GET /administrator/ HTTP/1.1" 404 88 "http://darwinsgamecloset.com/administrator/" "Mozilla/5.0 (Windows NT 10.0; Win64; x64) AppleWebKit/537.36 (KHTML, like Gecko) Chrome/86.0.4240.198 Safari/B2EFF8" "darwinsgamecloset.com"
220.72.32.21 - - [25/Nov/2022:21:16:01 -0800] "GET /administrator/ HTTP/1.1" 404 88 "http://darwinsgamecloset.com/administrator/" "Mozilla/5.0 (Windows NT 10.0; Win64; x64) AppleWebKit/537.36 (KHTML, like Gecko) Chrome/86.0.4240.198 Safari/64EA43" "darwinsgamecloset.com"
